2
Let r(s) = 2*s**3 - 34*s**2 - 137*s - 92. What is r(20)?
-432
Let p(v) = -v**2 + 148*v - 4684. Calculate p(69).
767
Let r(t) = 2*t**3 + 76*t**2 + 139*t + 2709. What is r(-37)?
304
Let l(z) = 307*z**2 - 8121*z - 13317. Give l(28).
-17
Let a(l) = -l**3 + 8*l**2 + 2977*l + 1838. Calculate a(59).
-50
Let r(o) = 2*o**2 - 1600*o - 9677. What is r(-6)?
-5
Let p(i) = -292*i**2 + 31*i + 164. What is p(-2)?
-1066
Let v(b) = 22669*b - 294743. Give v(13).
-46
Let p(g) = 12*g**2 - 180*g - 364. Calculate p(-2).
44
Let j(m) = m**3 + 33*m**2 + 392*m + 9064. Determine j(-30).
4
Let m(z) = -2354*z - 2403. Give m(-1).
-49
Let f(m) = -10861*m - 65186. Calculate f(-6).
-20
Let c(f) = -214*f + 3138. Give c(19).
-928
Let n(z) = -635*z - 10760. Determine n(-17).
35
Let d(x) = x**3 - 239*x**2 + 12789*x + 1440. Determine d(158).
18
Let s(y) = -y**3 + 181*y**2 - 7949*y - 118. Calculate s(106).
-12
Let u(k) = -803*k - 20860. Determine u(-26).
18
Let c(v) = -v**3 + 208*v**2 + 696*v - 13295. Determine c(211).
-2
Let i(l) = 10*l**2 + 1155*l + 1667. Calculate i(-114).
-43
Let r(v) = 280*v + 599. What is r(-7)?
-1361
Let m(d) = -13422*d + 14150. Determine m(1).
728
Let t(z) = -10*z**3 - 49*z**2 + 185*z + 22. Determine t(5).
-1528
Let j(t) = -3*t**3 + 31*t**2 - 18*t + 11. Determine j(12).
-925
Let l(z) = 2*z**2 - 530*z - 20972. Determine l(-35).
28
Let a(h) = 165754*h + 22376788. What is a(-135)?
-2
Let n(m) = 2*m**3 + 86*m**2 + 261*m - 47. What is n(-40)?
-887
Let s(p) = 49*p**2 - 697*p - 1393. Give s(-2).
197
Let w(v) = 17840*v - 248839. Give w(14).
921
Let a(b) = -179*b**3 - 3048*b**2 - 93*b + 164. Give a(-17).
300
Let l(f) = -f**2 - 154*f + 134. Calculate l(-159).
-661
Let j(h) = 9*h**2 + 1271*h + 2515. What is j(-2)?
9
Let f(v) = -6224*v**2 + 6216*v - 1. Give f(1).
-9
Let w(o) = -77*o**2 + 93502*o + 93502. What is w(-1)?
-77
Let d(z) = -17*z**2 + 46*z - 304. Determine d(7).
-815
Let i(b) = 16998*b + 6646199. Give i(-391).
-19
Let b(t) = 3432*t - 164730. What is b(48)?
6
Let m(d) = -34557*d - 553046. Calculate m(-16).
-134
Let c(o) = -5*o**3 + 1140*o**2 - 9*o + 2053. Determine c(228).
1
Let i(l) = -l**2 - 717*l + 45802. Give i(59).
18
Let z(l) = l**3 + 1669*l**2 + 336*l + 560790. What is z(-1669)?
6
Let a(j) = -35*j**3 - 10325*j**2 + 6*j + 1798. Give a(-295).
28
Let x(q) = -q**3 + 35*q**2 + 48*q - 938. Give x(5).
52
Let d(j) = -5*j**3 + 94*j**2 + 97*j + 4. Calculate d(20).
-456
Let z(g) = 2*g**2 + 177*g + 507. Give z(-82).
-559
Let o(d) = 601*d**2 + 30047*d - 138. Give o(-50).
12
Let p(u) = -u**3 - 9*u**2 + 30*u - 33. What is p(4)?
-121
Let i(v) = 1886358*v + 13204498. Determine i(-7).
-8
Let g(s) = s**3 + 1227*s**2 + 363946*s - 2008. Determine g(-502).
0
Let d(b) = -29621*b - 473962. Determine d(-16).
-26
Let d(g) = -7*g**3 + 3*g**2 - 18*g - 55. What is d(0)?
-55
Let n(y) = 4*y**2 - 287*y + 197. Give n(71).
-16
Let m(d) = -2383*d - 18854. Determine m(-8).
210
Let f(q) = q**2 + 28468*q + 7. What is f(0)?
7
Let c(u) = -u**3 - 28*u**2 - 218*u - 5238. Determine c(-27).
-81
Let w(g) = 14412*g + 302654. Give w(-21).
2
Let b(k) = -k**2 + 2357*k - 452786. Give b(211).
20
Let o(k) = k**2 + 930*k + 216100. What is o(-456)?
-44
Let x(i) = 48*i**2 + 5*i + 525. Calculate x(9).
4458
Let v(y) = -10*y + 487. Determine v(-10).
587
Let z(o) = -191555*o - 7662200. Give z(-40).
0
Let k(o) = o**3 + 21*o**2 + 54*o - 20. Calculate k(-18).
-20
Let p(q) = 31241*q - 1499565. Determine p(48).
3
Let i(l) = 5*l**2 - 2255*l - 29159. Give i(-13).
1001
Let b(w) = w**3 - 34*w**2 + 99*w + 14. Determine b(3).
32
Let x(r) = -197*r**2 + 4535*r - 49. Determine x(23).
43
Let b(c) = -483*c - 15444. What is b(-33)?
495
Let s(b) = -2419*b - 41024. Give s(-17).
99
Let z(p) = 3*p**2 + 4074*p + 52474. Determine z(-13).
19
Let y(f) = -17*f**3 + 18*f**2 - 69*f - 18. Determine y(3).
-522
Let o(p) = -p**3 + 562*p**2 + 1591*p + 58795. Calculate o(565).
35
Let x(t) = 7*t**2 - 1543673*t - 1543672. What is x(-1)?
8
Let n(j) = j**3 + 10*j**2 + 317*j + 2424. Give n(-8).
16
Let i(u) = -7302*u + 708293. Calculate i(97).
-1
Let t(l) = -7*l**2 - 1058*l + 14967. Calculate t(14).
-1217
Let g(r) = 15*r**2 - 27*r - 219. Determine g(-3).
-3
Let m(y) = -63*y**2 + 15*y - 40. Give m(3).
-562
Let k(s) = 2*s**3 - 331*s**2 + 2069*s - 199. What is k(159)?
119
Let g(t) = t**2 - 55*t - 36294. Calculate g(-165).
6
Let d(v) = -59*v**2 + 162*v + 161. Determine d(-1).
-60
Let b(k) = 2*k**3 - 36*k**2 + 861*k - 14348. Determine b(17).
-289
Let l(s) = -s**3 - 21*s**2 + 294*s + 4429. What is l(-11)?
-15
Let w(q) = -173*q - 5745. Determine w(-33).
-36
Let n(t) = -t**2 - 97*t - 2458. Calculate n(-66).
-412
Let p(o) = -45*o - 881. Calculate p(-4).
-701
Let d(x) = -29*x**3 + 20*x**2 + 38*x - 6. What is d(-3)?
843
Let d(m) = 5*m**3 + 5*m**2 - 71*m - 285. Calculate d(-4).
-241
Let g(p) = -2*p**2 - 10926*p + 128. Calculate g(0).
128
Let d(v) = -4*v**2 - 5603*v + 61841. Give d(11).
-276
Let v(p) = 25971*p + 129903. Give v(-5).
48
Let w(b) = b**2 + 45*b - 81. Determine w(-26).
-575
Let h(s) = s**2 + 12*s - 1165. What is h(-38)?
-177
Let x(g) = -g**2 - 3013*g - 652852. Give x(-235).
-22
Let i(d) = -11*d**2 + 772*d - 13012. Calculate i(28).
-20
Let r(j) = 4*j**3 - 215*j**2 + 663*j - 29. Give r(3).
133
Let v(m) = -8*m**2 + 52*m - 410. What is v(-6)?
-1010
Let g(f) = f**3 + 97*f**2 + 390*f + 18999. What is g(-95)?
-1
Let f(g) = 9987*g + 40009. What is f(-4)?
61
Let r(h) = 3425*h + 27408. Give r(-8).
8
Let q(d) = d**2 + 3606*d + 170370. Determine q(-48).
-414
Let r(t) = 2*t**2 - 796*t + 3197. Give r(4).
45
Let b(m) = -m**2 - 1806*m + 23667. Give b(13).
20
Let u(r) = -3621*r + 289636. Determine u(80).
-44
Let r(l) = l**3 - 39*l**2 + 17*l - 696. What is r(39)?
-33
Let u(g) = 10*g**2 + 231*g + 5510. Give u(-22).
5268
Let q(s) = -11878*s + 23665. Give q(2).
-91
Let z(d) = -47565*d - 2140443. Calculate z(-45).
-18
Let d(q) = 867*q + 12128. Determine d(-14).
-10
Let c(z) = -10*z**3 + 3049*z**2 - 2697*z - 11868. Calculate c(304).
-12
Let x(s) = -s**3 - 206*s**2 - 3047*s - 98. Calculate x(-16).
14
Let r(i) = i**2 - 437*i + 26561. What is r(73)?
-11
Let z(s) = 876384*s + 6134675. What is z(-7)?
-13
Let r(o) = 2*o**3 + 55*o**2 + 158*o + 2614. Calculate r(-27).
-923
Let s(m) = 9*m**2 + 2647*m + 6033. What is s(-292)?
485
Let l(y) = 42228*y - 1731312. Determine l(41).
36
Let w(j) = 2*j**2 + 1805*j - 198310. What is w(99)?
-13
Let m(o) = -171*o + 22545. What is m(134)?
-369
Let v(g) = g**2 + 382*g - 44908. Calculate v(94).
-164
Let t(k) = -275353*k + 550709. Determine t(2).
3
Let k(p) = 496*p - 859. What is k(2)?
133
Let o(d) = -205*d + 7870. Give o(35).
695
Let o(h) = 1963*h**2 - 447565*h + 228. Determine o(228).
0
Let o(v) = 4720*v - 99774. Calculate o(21).
-654
Let o(t) = -2*t**3 - 141*t**2 - 3339*t - 33016. Calculate o(-38).
6
Let j(p) = -1767*p + 42620. Determine j(24).
212
Let i(s) = 98*s**3 + 3*s**2 - 83*s + 157. Calculate i(2).
787
Let x(t) = 3*t**3 + 7*t**2 - 43*t - 177. What is x(-9)?
-1410
Let l(q) = -2*q**2 + 9422*q - 84687. Give l(9).
-51
Let y(l) = -31*l**3 + 77*l**2 - 78*l + 257. What is y(3)?
-121
Let z(j) = 173*j - 17182. What is z(99)?
-55
Let p(n) = 239482*n + 4550116. Calculate p(-19).
-42
Let r(l) = 21063*l + 232024. Give r(-11).
331
Let u(p) = 12314*p + 16525372. What is u(-1342)?
-16
Let u(j) = -540*j + 16888. What is u(31)?
148
Let c(i) = 4*i**3 + 667*i**2 - 2212*i - 340. Determine c(-170).
0
Let d(r) = -r**3 - 1194*r**2 + 9738*r - 980. Calculate d(8).
-4
Let t(x) = x**3 - 27*x**2 - 56*x - 74. Determine t(29).
-16
Let p(f) = -2*f**2 + 5457*f + 232939. Give p(-42).
217
Let j(v) = v**3 + 33*v**2 - 134*v - 904. Determine j(10).
2056
Let d(n) = 134*n**2 - 2417*n + 33. What is d(18)?
-57
Let u(k) = 1353*k + 7912. What is u(-6)?
-206
Let g(q) = -249*q**2 - 228*q - 468. Calculate g(-2).
-1008
Let d(a) = -a**3 + 189*a**2 - 2770*a - 10. Determine d(16).
-42
Let p(w) = 2118*w**2 - 14853*w + 282. Determine p(7).
93
Let x(r) = r**3 - 45*r**2 - 50*r + 4107. Calculate x(44).
-29
Let m(t) = -845*t + 50738. Calculate m(60).
38
Let c(y) = 8603*y + 43167. Calculate c(-5).
152
Let v(w) = w**3 + 14*w**2 - 20*w + 509. Determine v(-17).
-18
Let o(b) = 2*b**3 + 30*b**2 - 630*b - 8884. What is o(-14)?
328
Let l(y) = -2879*y - 817599. Calculate l(-284).
37
Let v(f) = 3*f*